 v**2 - 4*v**h - 4*v**3 - 4 + 2*v**3 + 2 - 2*v. What are the prime factors of z(-2)?
2, 3
Let i(c) = 152*c**2 + 55*c - 186. What are the prime factors of i(3)?
3, 449
Let b be (-10)/(-40) - 271/8*-2. Suppose -3*q + 115 = -b. What are the prime factors of q?
61
Let y = 42 - 47. What are the prime factors of 3 - ((0 - 2) + 5/y)?
2, 3
Suppose 7*s - 9*s + 2 = 0. List the prime factors of (-3)/(-9)*s - (-1585)/15.
2, 53
Let m = -3053 + 4532. What are the prime factors of m?
3, 17, 29
Let i be 2/((-2)/(-49))*-1. Suppose 2*t + 4 = 3*t, -5*u - 148 = -2*t. Let m = u - i. List the prime factors of m.
3, 7
What are the prime factors of (-4)/18 - (-257480)/360?
5, 11, 13
Let p = 15 + -10. Suppose -w = 3*c - p*w - 5, -w = c + 3. Let i = 11 + c. List the prime factors of i.
2, 5
Let z(o) = 78*o**2 - 20*o + 98. What are the prime factors of z(4)?
2, 3, 211
Let j(b) = 6*b - 4. Let f be j(9). Let x = -1 - -3. Suppose -5*l = -5*i + f, 5*i - 20 = x*i + l. What are the prime factors of i?
5
List the prime factors of -8 + 876*(-5)/(-15).
2, 71
What are the prime factors of (-1 + -47)*(-9 + 7)?
2, 3
Let s(k) = 577*k**3 + k**2 + 3*k - 3. What are the prime factors of s(1)?
2, 17
Let g = -6 - -14. Suppose -a = -g - 9. What are the prime factors of (-3)/(-3)*a/1?
17
Suppose -2*k - 2*g = 34, 6*k - 4*g + 58 = 4*k. Let v = 88 - k. List the prime factors of v.
109
Suppose -4*t + 307 = -b, -4*b = -4*t + 632 + 596. Let x = b - -496. List the prime factors of x.
3, 7
Suppose -3*d + 22 = 2*f - 422, -5*f = 4*d - 1124. Suppose f = 2*q + 4*t, 2*q - q + t - 112 = 0. What are the prime factors of q?
2, 5, 11
Suppose 3*y - g - 2825 = 0, -y + 2*g + 946 = 6*g. List the prime factors of y.
2, 3, 157
Suppose 3328 = 477*d - 469*d. List the prime factors of d.
2, 13
Let g = -4274 - -7110. What are the prime factors of g?
2, 709
Let d = 3078 + -1304. List the prime factors of d.
2, 887
Let m = 166 + 540. List the prime factors of m.
2, 353
Let f(m) = m**2 - 3*m - 9. Let z be 4/4*(3 + -6). What are the prime factors of f(z)?
3
Let x(f) = -22*f + 6. Let r be x(-4). Let h = 167 - r. Suppose 4*c - h - 75 = 0. List the prime factors of c.
37
Suppose 3*o = 4*j + 13, o - 4*j - j - 8 = 0. Let c(q) = q**3 + 2*q + 1. List the prime factors of c(o).
2, 17
Suppose 5*v + 3*r - 10592 = 5*r, -6356 = -3*v + r. List the prime factors of v.
2, 5, 53
Let f(d) = -d**3 + 2*d + 3. Let t be f(4). Let l be 13 + -12 + 1*88. Let u = l + t. List the prime factors of u.
2, 3
Let k(q) = 549*q + 38. What are the prime factors of k(6)?
2, 7, 17
List the prime factors of 322 - (3 - 25/5).
2, 3
Suppose q - 2*q = -336. List the prime factors of q.
2, 3, 7
Suppose 4*q - 129 = q. Suppose 2 = 5*i - q. Let k = i + 2. List the prime factors of k.
11
Suppose 0 = -21*r + 17*r + 8. Suppose r*l - 40 = -14. List the prime factors of l.
13
What are the prime factors of -301*470/(-70) + -3*2?
5, 13, 31
Suppose 1405 + 4220 = 2*g + 5*v, g - 5*v = 2805. List the prime factors of g.
2, 5, 281
Let g(s) = 9*s + 10. Let z be g(-4). Let n = z - -59. What are the prime factors of n?
3, 11
Let b = 471 - -2337. What are the prime factors of b?
2, 3, 13
Suppose -231 = -4*z - 11. Let g = -127 + 90. Let k = g + z. What are the prime factors of k?
2, 3
Suppose -2*u + 4*u + 4 = 0. Suppose -3*w + 29 = -0*w - 5*p, -5*p = 3*w + 11. List the prime factors of (4 - u - 4) + w.
5
Let o(j) be the first derivative of j**4/12 + j**3/6 + 3*j**2/2 + 6*j + 5. Let v(t) be the first derivative of o(t). List the prime factors of v(4).
23
What are the prime factors of (-6)/8 + (1 - 17205/(-12))?
2, 3, 239
Suppose -5*g - 3*q = -3358, -32*g + 2*q + 2682 = -28*g. What are the prime factors of g?
11, 61
Let o = 855 + -75. What are the prime factors of o?
2, 3, 5, 13
What are the prime factors of ((-362)/(-5))/((-174)/(-10875))?
5, 181
Let v be (1 - (-3 - 2))/(-1). Let y(j) = j**3 + 11*j**2 + 19*j + 30. List the prime factors of y(v).
2, 3
Let k be ((-60)/8)/(-5)*2. Suppose -6*x - 4 = -2*d - k*x, 0 = -3*d + x + 6. Suppose -d*o - 1 = -5. List the prime factors of o.
2
Let q(u) = 5*u - 4. Let v = 13 - 17. Let g be q(v). Let n = g + 46. List the prime factors of n.
2, 11
Let k(m) = 3*m + 54. Let d(w) = -2*w - 27. Let i(a) = 13*d(a) + 6*k(a). List the prime factors of i(-12).
3, 23
Let t = 433 + 2788. What are the prime factors of t?
3221
Let p = -14 + 63. Suppose 44*f - p*f = -70. What are the prime factors of f?
2, 7
Suppose -5*c = -9*c - 128. Let d = 96 + c. What are the prime factors of d?
2
Let t = 1636 + 53. List the prime factors of t.
3, 563
Suppose 106058 = 21*o + 7190. List the prime factors of o.
2, 11, 107
Let b be 4/((4/24)/((-1)/(-3))). Let j(d) = 15*d - 19. List the prime factors of j(b).
101
Suppose 27*w - 54922 = 13523. List the prime factors of w.
3, 5, 13
Suppose 0 = -8*t + 29*t - 18858. What are the prime factors of t?
2, 449
What are the prime factors of ((-1012)/(-12))/(1/15*5)?
11, 23
Let k = 11 - 0. Let b = k + -8. Let w(s) = 6*s - 6. List the prime factors of w(b).
2, 3
Let k(n) = 74*n**3 - 2*n**2 + 1. Let d be -1 + 0*3/12. Let o be k(d). Let s = o - -108. List the prime factors of s.
3, 11
List the prime factors of (3088/12)/(42/441).
2, 7, 193
Let d(j) = 4*j**2 + 13*j + 30. List the prime factors of d(-13).
3, 179
Suppose 0 = -3*m + m + 4*b - 8, -8 = 3*m - 4*b. List the prime factors of 33 + m + 0 - 0.
3, 11
Let g(i) = -i**3 + 2*i**2. Let u be g(1). Suppose u = o - 0. Let q = o - -3. List the prime factors of q.
2
Let w(c) = -c**3 - 8*c**2 + 28*c - 29. List the prime factors of w(-18).
2707
Let b(h) = h**3 + 9*h**2 + h + 7. Let g be b(-9). Let s be (56/32)/(g/16). Let v = s - -26. List the prime factors of v.
2, 3
Suppose 2*p = -4*a + 3*p + 29, 5*a - 55 = -5*p. Let r(w) = -325*w**3 + 7*w**2 + 166*w**3 + 12*w + 158*w**3 - 10. What are the prime factors of r(a)?
2, 11
Suppose -4 - 40 = -i. Suppose -8*o = -o - 483. Let d = o - i. What are the prime factors of d?
5
List the prime factors of 1*-5 - (-483 + 46).
2, 3
Suppose 0*x = 2*x - 16. Suppose -x*p = -p - 840. What are the prime factors of p?
2, 3, 5
Let q(n) = 3*n**3 + 4*n**2 - 7*n + 4. Let c be q(4). Let f = c - 137. What are the prime factors of f?
5, 19
Suppose -4*y + 3*y - 5*x = -13, 3*y = -5*x + 19. Suppose y*u + 2 = v, 2*u + 3 + 1 = 2*v. List the prime factors of v.
2
Let c(p) = p**3 - 2*p**2 - p - 3. Let g be c(3). Suppose -g*m - y + 72 = 2*y, 5*m + 4*y - 117 = 0. List the prime factors of m.
3, 7
Let w = -62 - -69. Suppose -w*v + 0*v = -14. List the prime factors of v.
2
Let r = 234 + 199. What are the prime factors of r?
433
Let j be 55/(-15) - (-4)/6. List the prime factors of (-268)/(-3) + 1 + 1/j.
2, 3, 5
Let x = -18 - -43. Suppose -23*w - 4 = -x*w. What are the prime factors of -1 - (26/(-1))/w?
2, 3
Suppose 0 = 5*k + 4*v - 5160, 4*k = -4*v + 3716 + 408. List the prime factors of k.
2, 7, 37
Let o(a) = 8*a - 5. Let g be o(4). Suppose g = 5*b + 132. Let n = b - -33. List the prime factors of n.
2, 3
Let x = -62 + 119. Let w = 225 - x. Suppose -6*m + w = -2*m. What are the prime factors of m?
2, 3, 7
Suppose -6 = h - 196. Suppose 0 = 3*w + 2*b - 6, -3*w = -4*w - 5*b + 15. Suppose w*m = 3*m + 5*c - h, 5*c = m - 70. List the prime factors of m.
5, 13
Let p(y) = 2*y - 2 + 2 - 14. Let f be p(6). List the prime factors of 470/20 - f/4.
2, 3
Suppose -20 = -4*z, 3*m + z - 1874 = 3*z. What are the prime factors of m?
2, 157
Suppose -5*n + 3*x = -43, 0*n + 3*x + 19 = 2*n. Suppose 4*r - n*r + 368 = 0. List the prime factors of r.
2, 23
Let q be 11/((-66)/(-24))*32. Suppose 4*p + 5*k - 348 = 0, -4*p = 3*k + q - 476. What are the prime factors of p?
3, 29
Suppose -400 = m - v, -4*m + 8*m = 3*v - 1600. Let x = -239 - m. What are the prime factors of x?
7, 23
Let f(y) = -y**2 + y + 2. Let n be f(0). Suppose 0 = r - 2*u - 28, -n*r + 92 = r + 2*u. Suppose -5*t + r = -45. List the prime factors of t.
3, 5
Let m = 181 + -133. List the prime factors of m.
2, 3
Let j(t) = -2349*t - 291. List the prime factors of j(-2).
3, 13, 113
Suppose 3*t = -5*c + 12, -2*t + 4*t = -3*c + 8. Suppose 3*y = 3*m - 66, c - 20 = -5*y. What are the prime factors of m?
2, 13
Let t(h) = -5*h - 1. Let p be t(-1). Suppose 3*y + 28 = 2*x - p*x, -5*x - 5 = y. Let w(m) = m**3 + 10*m**2 - 3*m - 14. List the prime factors of w(y).
